s divided by 20?
3
Calculate the remainder when 6696 is divided by 394.
392
What is the remainder when 899 is divided by 487?
412
Calculate the remainder when 1980 is divided by 32.
28
Calculate the remainder when 9887 is divided by 97.
90
What is the remainder when 16741 is divided by 26?
23
Calculate the remainder when 3283 is divided by 63.
7
Calculate the remainder when 10175 is divided by 64.
63
Calculate the remainder when 7429 is divided by 9.
4
Calculate the remainder when 601 is divided by 55.
51
Calculate the remainder when 2707 is divided by 387.
385
What is the remainder when 4611 is divided by 1126?
107
What is the remainder when 637 is divided by 17?
8
Calculate the remainder when 42789 is divided by 486.
21
What is the remainder when 61326 is divided by 73?
6
What is the remainder when 4782 is divided by 47?
35
What is the remainder when 1488 is divided by 380?
348
Calculate the remainder when 340786 is divided by 710.
696
Calculate the remainder when 103797 is divided by 769.
751
What is the remainder when 3992 is divided by 567?
23
Calculate the remainder when 5872 is divided by 46.
30
What is the remainder when 7316 is divided by 1037?
57
What is the remainder when 934366 is divided by 96?
94
What is the remainder when 5743 is divided by 5?
3
Calculate the remainder when 18960 is divided by 676.
32
Calculate the remainder when 380 is divided by 378.
2
What is the remainder when 72 is divided by 47?
25
Calculate the remainder when 398 is divided by 4.
2
Calculate the remainder when 30954 is divided by 2381.
1
What is the remainder when 15264 is divided by 7607?
50
Calculate the remainder when 212064 is divided by 138.
96
What is the remainder when 35401 is divided by 134?
25
Calculate the remainder when 90570 is divided by 399.
396
What is the remainder when 295954 is divided by 13452?
10
What is the remainder when 1571696 is divided by 62?
58
Calculate the remainder when 13879 is divided by 69.
10
What is the remainder when 5644 is divided by 1189?
888
Calculate the remainder when 2565 is divided by 173.
143
What is the remainder when 112005 is divided by 23?
18
What is the remainder when 16084 is divided by 1148?
12
What is the remainder when 1802 is divided by 796?
210
What is the remainder when 5017 is divided by 427?
320
What is the remainder when 18231 is divided by 237?
219
What is the remainder when 2683425 is divided by 701?
698
What is the remainder when 139857 is divided by 17477?
41
What is the remainder when 71451 is divided by 48?
27
Calculate the remainder when 81430 is divided by 7.
6
What is the remainder when 72192 is divided by 19?
11
What is the remainder when 115336 is divided by 79?
75
What is the remainder when 57801 is divided by 20?
1
What is the remainder when 159080 is divided by 54?
50
What is the remainder when 693 is divided by 259?
175
What is the remainder when 913 is divided by 671?
242
Calculate the remainder when 281157 is divided by 1768.
45
What is the remainder when 2702 is divided by 29?
5
What is the remainder when 24907 is divided by 10?
7
What is the remainder when 3441 is divided by 5?
1
What is the remainder when 1028 is divided by 940?
88
What is the remainder when 2294 is divided by 569?
18
What is the remainder when 3640 is divided by 3544?
96
What is the remainder when 7993 is divided by 1156?
1057
Calculate the remainder when 1342 is divided by 923.
419
Calculate the remainder when 43336 is divided by 682.
370
Calculate the remainder when 2504 is divided by 36.
20
Calculate the remainder when 8287 is divided by 123.
46
What is the remainder when 36655 is divided by 468?
151
Calculate the remainder when 2302 is divided by 1696.
606
What is the remainder when 331354 is divided by 71?
68
Calculate the remainder when 1345 is divided by 155.
105
Calculate the remainder when 12316 is divided by 6038.
240
What is the remainder when 65645 is divided by 13127?
10
What is the remainder when 15748 is divided by 380?
168
What is the remainder when 40454 is divided by 31?
30
Calculate the remainder when 21248 is divided by 27.
26
Calculate the remainder when 231722 is divided by 775.
772
What is the remainder when 3231 is divided by 132?
63
Calculate the remainder when 13378 is divided by 4458.
4
Calculate the remainder when 833473 is divided by 119.
116
What is the remainder when 860323 is divided by 1132?
3
What is the remainder when 79080 is divided by 7188?
12
Calculate the remainder when 1769 is divided by 121.
75
What is the remainder when 32598 is divided by 50?
48
Calculate the remainder when 15144 is divided by 17.
14
Calculate the remainder when 5524 is divided by 503.
494
Calculate the remainder when 3656 is divided by 175.
156
Calculate the remainder when 238649 is divided by 555.
554
What is the remainder when 50186 is divided by 53?
48
What is the remainder when 24147 is divided by 1207?
7
What is the remainder when 48615 is divided by 24301?
13
Calculate the remainder when 148122 is divided by 22.
18
What is the remainder when 2338 is divided by 78?
76
Calculate the remainder when 1541784 is divided by 59.
55
What is the remainder when 9685 is divided by 1062?
127
Calculate the remainder when 4799 is divided by 144.
47
Calculate the remainder when 2043 is divided by 107.
10
Calculate the remainder when 257 is divided by 157.
100
Calculate the remainder when 17923 is divided by 2556.
31
Calculate the remainder when 3793 is divided by 816.
529
What is the remainder when 2867 is divided by 4?
3
What is the remainder when 98760 is divided by 4115?
0
Calculate the remainder when 341870 is divided by 6.
2
Calculate the remainder when 6699 is divided by 317.
42
What is the remainder when 3418 is divided by 35?
23
What is the remainder when 161838 is divided by 80?
78
Calculate the remainder when 130314 is divided by 32577.
6
Calculate the remainder when 563424 is divided by 3756.
24
Calculate the remainder when 1244457 is divided by 28.
25
Calculate the remainder when 8935 is divided by 46.
11
Calculate the remainder when 12628 is divided by 4087.
367
What is the remainder when 35327 is divided by 64?
63
Calculate the remainder when 4504 is divided by 17.
16
Calculate the remainder when 3035 is divided by 1565.
1470
Calculate the remainder when 133602 is divided by 1735.
7
Calculate the remainder when 43048 is divided by 718.
686
What is the remainder when 114602 is divided by 114553?
49
Calculate the remainder when 8357 is divided by 29.
5
Calculate the remainder when 212 is divided by 14.
2
What is the remainder when 75173 is divided by 2146?
63
What is the remainder when 1287 is divided by 339?
270
Calculate the remainder when 909 is divided by 514.
395
Calculate the remainder when 61107 is divided by 40.
27
What is the remainder when 4687 is divided by 138?
133
What is the remainder when 310 is divided by 63?
58
Calculate the remainder when 3035 is divided by 433.
4
What is the remainder when 9997 is divided by 1662?
25
Calculate the remainder when 758 is divided by 70.
58
What is the remainder when 2197 is divided by 625?
322
What is the remainder when 6392 is divided by 552?
320
Calculate the remainder when 112487 is divided by 29.
25
What is the remainder when 8924 is divided by 44?
36
What is the remainder when 1754 is divided by 1630?
124
Calculate the remainder when 185489 is divided by 7133.
31
Calculate the remainder when 172 is divided by 43.
0
Calculate the remainder when 1853736 is divided by 967.
964
What is the remainder when 33728 is divided by 26?
6
What is the remainder when 4834 is divided by 24?
10
Calculate the remainder when 4461 is divided by 65.
41
What is the remainder when 312911 is divided by 721?
718
Calculate the remainder when 597 is divided by 559.
38
What is the remainder when 7484 is divided by 1106?
848
Calculate the remainder when 22359 is divided by 53.
46
What is the remainder when 10159 is divided by 107?
101
Calculate the remainder when 1082776 is divided by 191.
188
What is the remainder when 23324 is divided by 108?
104
What is the remainder when 608 is divided by 261?
86
Calculate the remainder when 2716 is divided by 20.
16
What is the remainder when 70617 is divided by 214?
211
Calculate the remainder when 7175 is divided by 646.
69
